se
Is 413170422 a multiple of 107?
False
Is 935 a factor of 71747171?
False
Is 85 a factor of 1601192005?
True
Is 8 a factor of 737138889?
False
Is 258266355 a multiple of 10?
False
Is 48052748 a multiple of 106?
False
Is 146285100 a multiple of 196?
False
Is 17979900 a multiple of 25?
True
Is 36 a factor of 256950648?
True
Is 14 a factor of 125109950?
True
Is 1041 a factor of 4425174408?
True
Is 47 a factor of 80715533?
False
Is 134 a factor of 903847018?
True
Is 8226718 a multiple of 3?
False
Does 92 divide 126187108?
True
Does 50 divide 61917191?
False
Is 1189915 a multiple of 1992?
False
Does 4901 divide 1859958906?
True
Does 4078 divide 1498122626?
True
Is 1042 a factor of 23579720?
False
Is 109829663 a multiple of 129?
False
Is 108 a factor of 841962160?
False
Is 716925 a multiple of 15?
True
Is 458318357 a multiple of 12?
False
Is 190804501 a multiple of 898?
False
Is 4728892 a multiple of 300?
False
Does 1515 divide 28859235?
True
Is 7421472 a multiple of 18?
True
Is 58 a factor of 10749586?
False
Is 11 a factor of 98828323?
True
Does 819 divide 36496607?
False
Does 260 divide 216063380?
True
Is 37320804 a multiple of 2124?
True
Does 281 divide 1623939745?
True
Is 76 a factor of 240821656?
True
Is 641 a factor of 10852771?
True
Does 579 divide 29320864?
False
Is 30 a factor of 63779610?
True
Does 754 divide 296951179?
False
Does 25 divide 83415581?
False
Is 6 a factor of 18087613?
False
Does 761 divide 6221020333?
False
Is 2757 a factor of 72596123?
False
Is 896 a factor of 64487808?
True
Does 1696 divide 672597084?
False
Is 131 a factor of 50316506?
False
Is 9179 a factor of 337860632?
True
Does 1686 divide 12574188?
True
Is 164 a factor of 21274736?
True
Does 17 divide 1921736?
False
Is 38 a factor of 809970?
True
Does 15 divide 566835?
True
Is 10 a factor of 192703609?
False
Does 3 divide 1212813?
True
Does 101 divide 14618756?
False
Is 25298316 a multiple of 8?
False
Does 19 divide 176006063?
True
Is 12750696 a multiple of 18?
True
Is 412231092 a multiple of 182?
True
Is 631391925 a multiple of 15?
True
Is 9763 a factor of 1881124167?
False
Is 100189180 a multiple of 56?
False
Is 7163279 a multiple of 198?
False
Is 394581780 a multiple of 324?
True
Is 216946311 a multiple of 1676?
False
Is 57004371 a multiple of 9?
True
Is 29911412 a multiple of 1027?
False
Is 20 a factor of 83171343?
False
Is 2489593692 a multiple of 786?
True
Does 4 divide 8017335?
False
Does 12 divide 160823028?
True
Is 64280856 a multiple of 2?
True
Does 3386 divide 192050462?
False
Is 223 a factor of 8882982?
True
Does 34 divide 148881614?
True
Is 10920642 a multiple of 83?
True
Is 27184706 a multiple of 14?
False
Is 1792025 a multiple of 5?
True
Is 341 a factor of 68779916?
False
Is 4197632 a multiple of 3?
False
Does 48 divide 517081738?
False
Is 109842 a multiple of 4?
False
Does 1751 divide 435991996?
True
Is 19597643 a multiple of 32?
False
Does 6306 divide 1187426106?
True
Is 4884 a factor of 146837105?
False
Is 97 a factor of 326237772?
True
Does 41 divide 2012495496?
True
Is 302 a factor of 2964130?
True
Does 4 divide 368793060?
True
Is 40317442 a multiple of 106?
False
Is 1887 a factor of 23293128?
True
Is 254576291 a multiple of 124?
False
Is 11 a factor of 53107098?
True
Is 64300828 a multiple of 56?
False
Does 591 divide 182890849?
False
Does 62 divide 1702923614?
False
Is 269049500 a multiple of 2230?
True
Is 9078 a factor of 383482882?
False
Does 34 divide 19094748?
False
Does 35 divide 1859130?
True
Is 5 a factor of 282885160?
True
Is 3069548916 a multiple of 31?
False
Is 46150659 a multiple of 667?
False
Is 387 a factor of 30829123?
False
Is 14 a factor of 6847314?
False
Does 290 divide 120334630?
True
Is 83 a factor of 135449360?
True
Does 164 divide 6959996?
True
Does 9933 divide 3226087517?
False
Is 4 a factor of 51669409?
False
Does 29 divide 10604981?
True
Is 120 a factor of 905715240?
True
Is 9908 a factor of 6626121658?
False
Does 1106 divide 75873603?
False
Does 336 divide 234837456?
True
Does 1808 divide 58532191?
False
Does 126 divide 138117168?
True
Is 6005004 a multiple of 13?
False
Is 276 a factor of 29277805?
False
Does 3580 divide 489808440?
True
Does 312 divide 3754350?
False
Is 854 a factor of 10048971?
False
Is 1775 a factor of 344591933?
False
Is 38 a factor of 73051003?
False
Is 2074820587 a multiple of 72?
False
Does 52 divide 51037051?
False
Is 248 a factor of 1379468822?
False
Does 247 divide 79951808?
False
Is 3209 a factor of 29179437?
True
Is 204478934 a multiple of 12?
False
Does 1169 divide 416487813?
True
Is 8 a factor of 115504136?
True
Is 55 a factor of 18247168?
False
Does 78 divide 127981308?
True
Does 5 divide 1475121765?
True
Is 570036229 a multiple of 7?
True
Does 7 divide 608013483?
True
Does 1634 divide 33244042?
False
Does 18 divide 3334796?
False
Is 66162818 a multiple of 32?
False
Does 10 divide 44921185?
False
Is 9946069 a multiple of 71?
False
Is 18115854 a multiple of 19?
True
Is 340 a factor of 126204619?
False
Is 46 a factor of 5516390717?
False
Does 12 divide 47827472?
False
Does 24 divide 4729308623?
False
Is 431718094 a multiple of 3314?
True
Does 33 divide 6958182?
True
Is 2756 a factor of 4139856500?
True
Is 6462 a factor of 739824544?
False
Does 116 divide 1944392?
True
Is 53688819 a multiple of 471?
True
Is 850374947 a multiple of 344?
False
Is 560 a factor of 20923280?
True
Does 2260 divide 22154750?
False
Does 93 divide 909476295?
True
Is 259177477 a multiple of 10?
False
Does 134 divide 49270193?
False
Does 14 divide 30547034?
True
Is 1605288 a multiple of 12?
True
Is 29449200 a multiple of 1150?
True
Is 209667972 a multiple of 4?
True
Does 20 divide 598232322?
False
Does 2044 divide 112017332?
True
Is 60 a factor of 5570402?
False
Does 70 divide 37443140?
True
Is 1099219550 a multiple of 517?
True
Does 130 divide 62998370?
False
Is 3574683 a multiple of 3?
True
Is 40 a factor of 69568840?
True
Is 31708908 a multiple of 682?
True
Is 72 a factor of 49118179?
False
Is 649 a factor of 179077823?
False
Is 1085883662 a multiple of 37?
False
Is 11844196 a multiple of 91?
True
Is 1191 a factor of 29935034?
False
Does 40 divide 5020920?
True
Is 175319892 a multiple of 759?
True
Is 8 a factor of 1085959880?
True
Is 60 a factor of 476866963?
False
Does 5 divide 1136763016?
False
Is 12517218 a multiple of 861?
True
Is 2639095437 a multiple of 62?
False
Is 7 a factor of 4973591?
True
Does 505 divide 133750227?
False
Is 85855316 a multiple of 34?
False
Does 15 divide 16915634?
False
Is 1679181892 a multiple of 6?
False
Does 10 divide 70724250?
True
Does 8 divide 16587240?
True
Does 750 divide 288642000?
True
Is 43754550 a multiple of 210?
True
Does 74 divide 44143052?
False
Is 383841810 a multiple of 110?
True
Is 4 a factor of 36633216?
True
Does 35 divide 703174057?
False
Does 103 divide 52854038?
True
Is 755161404 a multiple of 211?
True
Does 728 divide 162758960?
True
Does 257 divide 12883667?
True
Is 10 a factor of 30350973?
False
Is 7253704 a multiple of 259?
False
Is 63987462 a multiple of 54?
True
Does 47 divide 3018594364?
True
Does 141 divide 445743605?
False
Does 523 divide 27232699?
False
Is 53250527 a multiple of 1150?
False
Is 2238982648 a multiple of 133?
True
Does 2 divide 722034?
True
Does 293 divide 324382232?
False
Is 162093231 a multiple of 489?
True
Is 46 a factor of 139803522?
True
Is 234665728 a multiple of 16?
True
Is 26 a factor of 48136834?
False
Is 3289 a factor of 2264828423?
True
Does 45 divide 235035193?
False
Does 3906 divide 570493669?
False
Does 13 divide 39748929?
False
Does 246 divide 194442336?
True
Is 789 a factor of 181239669?
False
Does 29 divide 28547571?
True
Is 11871445 a multiple of 5?
True
Does 36 divide 95352333?
False
Is 406122150 a multiple of 950?
True
Is 3945740 a multiple of 747?
False
Is 451 a factor of 243721753?
True
Does 76 divide 326388956?
False
Is 5 a factor of 167442258?
False
Is 312993458 a multiple of 196?
False
Is 68 a factor of 211766654?
False
Is 4875075 a multiple of 225?
True
Is 4691358 a multiple of 50?
False
Is 144289003 a multiple of 354?
False
Is 7765 a factor of 562665196?
False
Is 59948459 a multiple of 53?
True
Is 28922282 a multiple of 29?
False
Is 16636102 a multiple of 126?
False
Does 1009 divide 24342125?
True
Does 3 divide